{"id":29773,"date":"2017-06-05T09:30:54","date_gmt":"2017-06-05T09:30:54","guid":{"rendered":"http:\/\/portaisarsqua.azurewebsites.netalgarve\/?page_id=29773"},"modified":"2019-11-08T10:52:12","modified_gmt":"2019-11-08T10:52:12","slug":"unidade-de-terapia-familiar-utf","status":"publish","type":"page","link":"http:\/\/portaisarsqua.azurewebsites.net\/algarve\/unidade-de-terapia-familiar-utf\/","title":{"rendered":"Unidade de Terapia Familiar (UTF)"},"content":{"rendered":"<p><a href=\"http:\/\/www.arsalgarve.min-saude.pt\/wp-content\/uploads\/sites\/2\/2017\/06\/UTF.logotipo10anos.jpg\"><img loading=\"lazy\" class=\"wp-image-29818 size-medium aligncenter\" src=\"http:\/\/www.arsalgarve.min-saude.pt\/wp-content\/uploads\/sites\/2\/2017\/06\/UTF.logotipo10anos-300x123.jpg\" alt=\"UTF.logotipo10anos.cdr\" width=\"300\" height=\"123\" srcset=\"http:\/\/portaisarsqua.azurewebsites.net\/algarve\/wp-content\/uploads\/sites\/2\/2017\/06\/UTF.logotipo10anos-300x123.jpg 300w, http:\/\/portaisarsqua.azurewebsites.net\/algarve\/wp-content\/uploads\/sites\/2\/2017\/06\/UTF.logotipo10anos-768x314.jpg 768w, http:\/\/portaisarsqua.azurewebsites.net\/algarve\/wp-content\/uploads\/sites\/2\/2017\/06\/UTF.logotipo10anos-1024x418.jpg 1024w\" sizes=\"(max-width: 300px) 100vw, 300px\" \/><\/a><\/p>\n<p>Inaugurada a 20 de junho de 2007, a Unidade de Terapia Familiar iniciou de imediato as suas atividades. Com 12 anos de atividade j\u00e1 ajudaram cerca de 890 fam\u00edlias, casais e casais p\u00f3s-div\u00f3rcio.<\/p>\n<p>O seu principal objetivo \u00e9 oferecer o apoio necess\u00e1rio \u00e0s fam\u00edlias ou casais para n\u00f3s encaminhados por referenciadores, ou seja, os seus m\u00e9dicos de fam\u00edlia. Com este objetivo pretende assim devolver certas capacidades \u00e0s fam\u00edlias para que estas possam ultrapassar as suas crises e ajud\u00e1-las a resolver os seus problemas.<\/p>\n<p>Neste espa\u00e7o poder\u00e1 encontrar toda a informa\u00e7\u00e3o necess\u00e1ria acerca deste projeto e informar-se acerca de todos os passos necess\u00e1rios para adquirir a ajuda de que necessita.<\/p>\n<p>&nbsp;<\/p>\n<p>O Coordenador da Unidade de Terapia Familiar<\/p>\n<p>Pedro Teig\u00e3o<\/p>\n","protected":false},"excerpt":{"rendered":"<p>Inaugurada a 20 de junho de 2007, a Unidade de Terapia Familiar iniciou de imediato as suas atividades. Com 12 anos de atividade j\u00e1 ajudaram cerca de 890 fam\u00edlias, casais e casais p\u00f3s-div\u00f3rcio. O seu principal objetivo \u00e9 oferecer o apoio necess\u00e1rio \u00e0s fam\u00edlias ou casais para n\u00f3s encaminhados por referenciadores, ou seja, os seus [&hellip;]<\/p>\n","protected":false},"author":5,"featured_media":0,"parent":0,"menu_order":14,"comment_status":"closed","ping_status":"closed","template":"","meta":[],"_links":{"self":[{"href":"http:\/\/portaisarsqua.azurewebsites.net\/algarve\/wp-json\/wp\/v2\/pages\/29773"}],"collection":[{"href":"http:\/\/portaisarsqua.azurewebsites.net\/algarve\/wp-json\/wp\/v2\/pages"}],"about":[{"href":"http:\/\/portaisarsqua.azurewebsites.net\/algarve\/wp-json\/wp\/v2\/types\/page"}],"author":[{"embeddable":true,"href":"http:\/\/portaisarsqua.azurewebsites.net\/algarve\/wp-json\/wp\/v2\/users\/5"}],"replies":[{"embeddable":true,"href":"http:\/\/portaisarsqua.azurewebsites.net\/algarve\/wp-json\/wp\/v2\/comments?post=29773"}],"version-history":[{"count":5,"href":"http:\/\/portaisarsqua.azurewebsites.net\/algarve\/wp-json\/wp\/v2\/pages\/29773\/revisions"}],"predecessor-version":[{"id":34273,"href":"http:\/\/portaisarsqua.azurewebsites.net\/algarve\/wp-json\/wp\/v2\/pages\/29773\/revisions\/34273"}],"wp:attachment":[{"href":"http:\/\/portaisarsqua.azurewebsites.net\/algarve\/wp-json\/wp\/v2\/media?parent=29773"}],"curies":[{"name":"wp","href":"https:\/\/api.w.org\/{rel}","templated":true}]}}