{"id":31213,"date":"2020-04-15T21:25:27","date_gmt":"2020-04-15T21:25:27","guid":{"rendered":"http:\/\/portaisarsqua.azurewebsites.net\/centro\/?page_id=31213"},"modified":"2021-05-13T08:04:50","modified_gmt":"2021-05-13T08:04:50","slug":"prestacao-de-servicos","status":"publish","type":"page","link":"http:\/\/portaisarsqua.azurewebsites.net\/centro\/recursos-humanos\/prestacao-de-servicos\/","title":{"rendered":"Presta\u00e7\u00e3o de Servi\u00e7os"},"content":{"rendered":"\n<p>Em cumprimento do disposto na al\u00ednea c) do n.\u00ba 1 do artigo 5.\u00ba da <a href=\"http:\/\/portaisarsqua.azurewebsites.net\/centro\/wp-content\/uploads\/sites\/6\/2020\/04\/DRE-Lei-n.-35-2014-de-20-de-Junho.pdf\" target=\"_blank\" rel=\"noreferrer noopener\" aria-label=\"Lei n.\u00ba 35\/2014 (abre num novo separador)\">Lei n.\u00ba 35\/2014<\/a>, de 20 de Junho, publicita-se as seguintes presta\u00e7\u00f5es de servi\u00e7os:<\/p>\n\n\n\n<table class=\"wp-block-table\"><tbody><tr><th>Contratos de Presta\u00e7\u00f5es de Servi\u00e7os<\/th><\/tr><tr><td><a href=\"http:\/\/portaisarsqua.azurewebsites.net\/centro\/wp-content\/uploads\/sites\/6\/2021\/05\/Prestacao-Servicos-2021.pdf\" target=\"_blank\" rel=\"noreferrer noopener\" aria-label=\"Ano 2021 (abre num novo separador)\">Ano 2021<\/a><\/td><\/tr><tr><td><a href=\"http:\/\/portaisarsqua.azurewebsites.net\/centro\/wp-content\/uploads\/sites\/6\/2021\/02\/Prestacao-servicos-2020.pdf\" target=\"_blank\" rel=\"noreferrer noopener\" aria-label=\"Ano 2020 (abre num novo separador)\">Ano 2020<\/a><\/td><\/tr><tr><td><a href=\"http:\/\/portaisarsqua.azurewebsites.net\/centro\/wp-content\/uploads\/sites\/6\/2020\/04\/prestacao-servicos-2019.pdf\" target=\"_blank\" rel=\"noreferrer noopener\" aria-label=\"Ano 2019 (abre num novo separador)\">Ano 2019<\/a><\/td><\/tr><\/tbody><\/table>\n\n\n\n<p><\/p>\n","protected":false},"excerpt":{"rendered":"<p>Em cumprimento do disposto na al\u00ednea c) do n.\u00ba 1 do artigo 5.\u00ba da Lei n.\u00ba 35\/2014, de 20 de Junho, publicita-se as seguintes presta\u00e7\u00f5es de servi\u00e7os: Contratos de Presta\u00e7\u00f5es de Servi\u00e7os Ano 2021 Ano 2020 Ano 2019<\/p>\n","protected":false},"author":24,"featured_media":0,"parent":31209,"menu_order":23,"comment_status":"closed","ping_status":"closed","template":"","meta":[],"_links":{"self":[{"href":"http:\/\/portaisarsqua.azurewebsites.net\/centro\/wp-json\/wp\/v2\/pages\/31213"}],"collection":[{"href":"http:\/\/portaisarsqua.azurewebsites.net\/centro\/wp-json\/wp\/v2\/pages"}],"about":[{"href":"http:\/\/portaisarsqua.azurewebsites.net\/centro\/wp-json\/wp\/v2\/types\/page"}],"author":[{"embeddable":true,"href":"http:\/\/portaisarsqua.azurewebsites.net\/centro\/wp-json\/wp\/v2\/users\/24"}],"replies":[{"embeddable":true,"href":"http:\/\/portaisarsqua.azurewebsites.net\/centro\/wp-json\/wp\/v2\/comments?post=31213"}],"version-history":[{"count":8,"href":"http:\/\/portaisarsqua.azurewebsites.net\/centro\/wp-json\/wp\/v2\/pages\/31213\/revisions"}],"predecessor-version":[{"id":33460,"href":"http:\/\/portaisarsqua.azurewebsites.net\/centro\/wp-json\/wp\/v2\/pages\/31213\/revisions\/33460"}],"up":[{"embeddable":true,"href":"http:\/\/portaisarsqua.azurewebsites.net\/centro\/wp-json\/wp\/v2\/pages\/31209"}],"wp:attachment":[{"href":"http:\/\/portaisarsqua.azurewebsites.net\/centro\/wp-json\/wp\/v2\/media?parent=31213"}],"curies":[{"name":"wp","href":"https:\/\/api.w.org\/{rel}","templated":true}]}}