{"id":31279,"date":"2020-04-16T15:32:14","date_gmt":"2020-04-16T15:32:14","guid":{"rendered":"http:\/\/portaisarsqua.azurewebsites.net\/centro\/?page_id=31279"},"modified":"2021-07-05T10:55:36","modified_gmt":"2021-07-05T10:55:36","slug":"formacao","status":"publish","type":"page","link":"http:\/\/portaisarsqua.azurewebsites.net\/centro\/recursos-humanos\/formacao\/","title":{"rendered":"A\u00e7\u00f5es de Forma\u00e7\u00e3o"},"content":{"rendered":"\n<p>Em cumprimento do disposto no n.\u00ba 6 do <a rel=\"noreferrer noopener\" aria-label=\"Despacho n.\u00ba 6411\/2015 (abre num novo separador)\" href=\"http:\/\/portaisarsqua.azurewebsites.net\/centro\/wp-content\/uploads\/sites\/6\/2020\/04\/DRE-Despacho-n-6411-2015.pdf\" target=\"_blank\">Despacho n.\u00ba 6411\/2015<\/a>, de 29 de maio, de S. Ex.\u00aa o Senhor Ministro da Sa\u00fade, publicam-se as listagens mensais referentes \u00e0s autoriza\u00e7\u00f5es conferidas aos profissionais de sa\u00fade dos servi\u00e7os desta Administra\u00e7\u00e3o Regional de Sa\u00fade para participa\u00e7\u00e3o em a\u00e7\u00f5es de forma\u00e7\u00e3o, no Pa\u00eds ou no Estrangeiro.<\/p>\n\n\n\n<div class=\"row\">\n      <div class=\"col-xs-12\">\n          <div class=\"dropdown dropdown-pages\">\n               <button id=\"formacao\" type=\"button\" class=\"dropdown-pages-btn\" data-toggle=\"dropdown\">Selecione o ano<span class=\"caret\"><\/span>\n              <\/button>\n <ul class=\"dropdown-menu\" aria-labelledby=\"formacao\">\n<li><a data-id=\"2021\">Ano 2021<\/a>\n<\/li> \n<li><a data-id=\"2020\">Ano 2020<\/a>\n<\/li> \n<li><a data-id=\"2019\">Ano 2019<\/a>\n<\/li> \n<\/ul>\n<\/div>\n<\/div>\n<\/div>\n\n\n<div class=\"row\">\n    <div class=\"col-xs-12\">\n      <div class=\"pages-content pages-content-2021\">\n<table class=\"contactos\">\n<tr><th colspan=\"2\" rowspan=\"1\">A\u00e7\u00f5es de Forma\u00e7\u00e3o do Ano 2021<\/th><\/tr>\n<tr>\n      <td><a href=\"http:\/\/portaisarsqua.azurewebsites.net\/centro\/wp-content\/uploads\/sites\/6\/2021\/03\/Formacoes-janeiro-2021.pdf\" target=\"_blank\" rel=\"noopener noreferrer\">Janeiro<\/a><\/td>\n      <td>Julho<\/td>\n    <\/tr>\n    <tr>\n      <td><a href=\"http:\/\/portaisarsqua.azurewebsites.net\/centro\/wp-content\/uploads\/sites\/6\/2021\/04\/Formacoes-fevereiro-2021.pdf\" target=\"_blank\" rel=\"noopener noreferrer\">Fevereiro<\/a><\/td>\n      <td>Agosto<\/td>\n    <\/tr>\n    <tr>\n      <td><a href=\"http:\/\/portaisarsqua.azurewebsites.net\/centro\/wp-content\/uploads\/sites\/6\/2021\/04\/Formacoes-marco-2021.pdf\" target=\"_blank\" rel=\"noopener noreferrer\">Mar&ccedil;o<\/a><\/td>\n      <td>Setembro<\/td>\n    <\/tr>\n    <tr>\n      <td><a href=\"http:\/\/portaisarsqua.azurewebsites.net\/centro\/wp-content\/uploads\/sites\/6\/2021\/05\/Formacoes-abril-2021.pdf\" target=\"_blank\" rel=\"noopener noreferrer\">Abril<\/a><\/td>\n      <td>Outubro<\/td>\n    <\/tr>\n    <tr>\n      <td><a href=\"http:\/\/portaisarsqua.azurewebsites.net\/centro\/wp-content\/uploads\/sites\/6\/2021\/07\/Formacoes-maio-2021.pdf\" target=\"_blank\" rel=\"noopener noreferrer\">Maio<\/a><\/td>\n      <td>Novembro<\/td>\n    <\/tr>\n    <tr>\n      <td>Junho<\/td>\n      <td>Dezembro<\/td>\n    <\/tr>\n\n<\/table>\n<\/div>\n<\/div>\n<\/div>\n\n\n\n\n\n<div class=\"row\">\n    <div class=\"col-xs-12\">\n      <div class=\"pages-content pages-content-2019\">\n<table class=\"contactos\">\n<tr><th colspan=\"2\" rowspan=\"1\">A\u00e7\u00f5es de Forma\u00e7\u00e3o do Ano 2019<\/th><\/tr>\n<tr>\n      <td><a href=\"http:\/\/portaisarsqua.azurewebsites.net\/centro\/wp-content\/uploads\/sites\/6\/2020\/04\/Formacoes-janeiro-2019.pdf\" target=\"_blank\" rel=\"noopener noreferrer\">Janeiro<\/a><\/td>\n      <td><a href=\"http:\/\/portaisarsqua.azurewebsites.net\/centro\/wp-content\/uploads\/sites\/6\/2020\/04\/Formacoes-julho-2019.pdf\" target=\"_blank\" rel=\"noopener noreferrer\">Julho<\/a><\/td>\n    <\/tr>\n    <tr>\n      <td><a href=\"http:\/\/portaisarsqua.azurewebsites.net\/centro\/wp-content\/uploads\/sites\/6\/2020\/04\/Formacoes-fevereiro-2019.pdf\" target=\"_blank\" rel=\"noopener noreferrer\">Fevereiro<\/a><\/td>\n      <td><a href=\"http:\/\/portaisarsqua.azurewebsites.net\/centro\/wp-content\/uploads\/sites\/6\/2020\/04\/Formacoes-agosto-2019.pdf\" target=\"_blank\" rel=\"noopener noreferrer\">Agosto<\/a><\/td>\n    <\/tr>\n    <tr>\n      <td><a href=\"http:\/\/portaisarsqua.azurewebsites.net\/centro\/wp-content\/uploads\/sites\/6\/2020\/04\/Formacoes-marco-2019.pdf\" target=\"_blank\" rel=\"noopener noreferrer\">Mar&ccedil;o<\/a><\/td>\n      <td><a href=\"http:\/\/portaisarsqua.azurewebsites.net\/centro\/wp-content\/uploads\/sites\/6\/2020\/04\/Formacoes-setembro-2019.pdf\" target=\"_blank\" rel=\"noopener noreferrer\">Setembro<\/a><\/td>\n    <\/tr>\n    <tr>\n      <td><a href=\"http:\/\/portaisarsqua.azurewebsites.net\/centro\/wp-content\/uploads\/sites\/6\/2020\/04\/Formacoes-abril-2019.pdf\" target=\"_blank\" rel=\"noopener noreferrer\">Abril<\/a><\/td>\n      <td><a href=\"http:\/\/portaisarsqua.azurewebsites.net\/centro\/wp-content\/uploads\/sites\/6\/2020\/04\/Formacoes-outubro-2019.pdf\" target=\"_blank\" rel=\"noopener noreferrer\">Outubro<\/a><\/td>\n    <\/tr>\n    <tr>\n      <td>Maio<\/td>\n      <td><a href=\"http:\/\/portaisarsqua.azurewebsites.net\/centro\/wp-content\/uploads\/sites\/6\/2020\/04\/Formacoes-novembro-2019.pdf\" target=\"_blank\" rel=\"noopener noreferrer\">Novembro<\/a><\/td>\n    <\/tr>\n    <tr>\n      <td><a href=\"http:\/\/portaisarsqua.azurewebsites.net\/centro\/wp-content\/uploads\/sites\/6\/2020\/04\/Formacoes-junho-2019.pdf\" target=\"_blank\" rel=\"noopener noreferrer\">Junho<\/a><\/td>\n      <td><a href=\"http:\/\/portaisarsqua.azurewebsites.net\/centro\/wp-content\/uploads\/sites\/6\/2020\/04\/Formacoes-dezembro-2019.pdf\" target=\"_blank\" rel=\"noopener noreferrer\">Dezembro<\/a><\/td>\n    <\/tr>\n\n<\/table>\n<\/div>\n<\/div>\n<\/div>\n\n<div class=\"row\">\n    <div class=\"col-xs-12\">\n      <div class=\"pages-content pages-content-2020\">\n<table class=\"contactos\">\n<tr><th colspan=\"2\" rowspan=\"1\">A\u00e7\u00f5es de Forma\u00e7\u00e3o do Ano 2020<\/th><\/tr>\n<tr>\n      <td><a href=\"http:\/\/portaisarsqua.azurewebsites.net\/centro\/wp-content\/uploads\/sites\/6\/2020\/04\/Formacoes-janeiro-2020.pdf\" target=\"_blank\" rel=\"noopener noreferrer\">Janeiro<\/a><\/td>\n      <td>Julho<\/td>\n    <\/tr>\n    <tr>\n      <td>Fevereiro<\/td>\n      <td><a href=\"http:\/\/portaisarsqua.azurewebsites.net\/centro\/wp-content\/uploads\/sites\/6\/2020\/09\/Formacoes-agosto-2020.pdf\" target=\"_blank\" rel=\"noopener noreferrer\">Agosto<\/a><\/td>\n    <\/tr>\n    <tr>\n      <td><a href=\"http:\/\/portaisarsqua.azurewebsites.net\/centro\/wp-content\/uploads\/sites\/6\/2020\/06\/Formacoes-marco-2020.pdf\" target=\"_blank\" rel=\"noopener noreferrer\">Mar&ccedil;o<\/a><\/td>\n      <td><a href=\"http:\/\/portaisarsqua.azurewebsites.net\/centro\/wp-content\/uploads\/sites\/6\/2020\/10\/Formacoes-setembro-2020.pdf\" target=\"_blank\" rel=\"noopener noreferrer\">Setembro<\/a><\/td>\n    <\/tr>\n    <tr>\n      <td><a href=\"http:\/\/portaisarsqua.azurewebsites.net\/centro\/wp-content\/uploads\/sites\/6\/2020\/06\/Formacoes-abril-2020.pdf\" target=\"_blank\" rel=\"noopener noreferrer\">Abril<\/a><\/td>\n      <td><a href=\"http:\/\/portaisarsqua.azurewebsites.net\/centro\/wp-content\/uploads\/sites\/6\/2020\/11\/Formacoes-outubro-2020.pdf\" target=\"_blank\" rel=\"noopener noreferrer\">Outubro<\/a><\/td>\n    <\/tr>\n    <tr>\n      <td><a href=\"http:\/\/portaisarsqua.azurewebsites.net\/centro\/wp-content\/uploads\/sites\/6\/2020\/06\/Formacoes-maio-2020.pdf\" target=\"_blank\" rel=\"noopener noreferrer\">Maio<\/a><\/td>\n      <td><a href=\"http:\/\/portaisarsqua.azurewebsites.net\/centro\/wp-content\/uploads\/sites\/6\/2021\/01\/Formacoes-novembro-2020.pdf\" target=\"_blank\" rel=\"noopener noreferrer\">Novembro<\/a><\/td>\n    <\/tr>\n    <tr>\n      <td><a href=\"http:\/\/portaisarsqua.azurewebsites.net\/centro\/wp-content\/uploads\/sites\/6\/2020\/07\/Formacoes-junho-2020.pdf\" target=\"_blank\" rel=\"noopener noreferrer\">Junho<\/a><\/td>\n      <td><a href=\"http:\/\/portaisarsqua.azurewebsites.net\/centro\/wp-content\/uploads\/sites\/6\/2021\/01\/Formacoes-dezembro-2020.pdf\" target=\"_blank\" rel=\"noopener noreferrer\">Dezembro<\/a><\/td>\n    <\/tr>\n\n<\/table>\n<\/div>\n<\/div>\n<\/div>\n","protected":false},"excerpt":{"rendered":"<p>Em cumprimento do disposto no n.\u00ba 6 do Despacho n.\u00ba 6411\/2015, de 29 de maio, de S. Ex.\u00aa o Senhor Ministro da Sa\u00fade, publicam-se as listagens mensais referentes \u00e0s autoriza\u00e7\u00f5es conferidas aos profissionais de sa\u00fade dos servi\u00e7os desta Administra\u00e7\u00e3o Regional de Sa\u00fade para participa\u00e7\u00e3o em a\u00e7\u00f5es de forma\u00e7\u00e3o, no Pa\u00eds ou no Estrangeiro. Selecione o [&hellip;]<\/p>\n","protected":false},"author":24,"featured_media":0,"parent":31209,"menu_order":13,"comment_status":"closed","ping_status":"closed","template":"","meta":[],"_links":{"self":[{"href":"http:\/\/portaisarsqua.azurewebsites.net\/centro\/wp-json\/wp\/v2\/pages\/31279"}],"collection":[{"href":"http:\/\/portaisarsqua.azurewebsites.net\/centro\/wp-json\/wp\/v2\/pages"}],"about":[{"href":"http:\/\/portaisarsqua.azurewebsites.net\/centro\/wp-json\/wp\/v2\/types\/page"}],"author":[{"embeddable":true,"href":"http:\/\/portaisarsqua.azurewebsites.net\/centro\/wp-json\/wp\/v2\/users\/24"}],"replies":[{"embeddable":true,"href":"http:\/\/portaisarsqua.azurewebsites.net\/centro\/wp-json\/wp\/v2\/comments?post=31279"}],"version-history":[{"count":28,"href":"http:\/\/portaisarsqua.azurewebsites.net\/centro\/wp-json\/wp\/v2\/pages\/31279\/revisions"}],"predecessor-version":[{"id":33593,"href":"http:\/\/portaisarsqua.azurewebsites.net\/centro\/wp-json\/wp\/v2\/pages\/31279\/revisions\/33593"}],"up":[{"embeddable":true,"href":"http:\/\/portaisarsqua.azurewebsites.net\/centro\/wp-json\/wp\/v2\/pages\/31209"}],"wp:attachment":[{"href":"http:\/\/portaisarsqua.azurewebsites.net\/centro\/wp-json\/wp\/v2\/media?parent=31279"}],"curies":[{"name":"wp","href":"https:\/\/api.w.org\/{rel}","templated":true}]}}