{"id":32566,"date":"2020-07-29T10:53:15","date_gmt":"2020-07-29T10:53:15","guid":{"rendered":"http:\/\/portaisarsqua.azurewebsites.net\/centro\/?page_id=32566"},"modified":"2020-07-29T10:53:19","modified_gmt":"2020-07-29T10:53:19","slug":"codigo-de-conduta","status":"publish","type":"page","link":"http:\/\/portaisarsqua.azurewebsites.net\/centro\/codigo-de-conduta\/","title":{"rendered":"C\u00f3digo de Conduta"},"content":{"rendered":"\n<ul class=\"normais\"><li><a rel=\"noreferrer noopener\" aria-label=\"C\u00f3digo de Conduta da ARS Centro, I.P (abre num novo separador)\" href=\"http:\/\/portaisarsqua.azurewebsites.net\/centro\/wp-content\/uploads\/sites\/6\/2020\/07\/Codigo-Conduta-ARSC.pdf\" target=\"_blank\">C\u00f3digo de Conduta da ARS Centro, I.P<\/a><\/li><li><a href=\"http:\/\/portaisarsqua.azurewebsites.net\/centro\/wp-content\/uploads\/sites\/6\/2020\/07\/Recomendacao-n.-3-2020.pdf\" target=\"_blank\" rel=\"noreferrer noopener\" aria-label=\"Recomenda\u00e7\u00e3o n.\u00ba 3\/2020 (abre num novo separador)\">Recomenda\u00e7\u00e3o n.\u00ba 3\/2020<\/a>: Recomenda\u00e7\u00e3o do Conselho de Preven\u00e7\u00e3o da Corrup\u00e7\u00e3o, sobre gest\u00e3o de conflitos de interesses no setor p\u00fablico, de 8 de janeiro de 2020<\/li><\/ul>\n","protected":false},"excerpt":{"rendered":"<p>C\u00f3digo de Conduta da ARS Centro, I.P Recomenda\u00e7\u00e3o n.\u00ba 3\/2020: Recomenda\u00e7\u00e3o do Conselho de Preven\u00e7\u00e3o da Corrup\u00e7\u00e3o, sobre gest\u00e3o de conflitos de interesses no setor p\u00fablico, de 8 de janeiro de 2020<\/p>\n","protected":false},"author":24,"featured_media":0,"parent":0,"menu_order":0,"comment_status":"closed","ping_status":"closed","template":"","meta":[],"_links":{"self":[{"href":"http:\/\/portaisarsqua.azurewebsites.net\/centro\/wp-json\/wp\/v2\/pages\/32566"}],"collection":[{"href":"http:\/\/portaisarsqua.azurewebsites.net\/centro\/wp-json\/wp\/v2\/pages"}],"about":[{"href":"http:\/\/portaisarsqua.azurewebsites.net\/centro\/wp-json\/wp\/v2\/types\/page"}],"author":[{"embeddable":true,"href":"http:\/\/portaisarsqua.azurewebsites.net\/centro\/wp-json\/wp\/v2\/users\/24"}],"replies":[{"embeddable":true,"href":"http:\/\/portaisarsqua.azurewebsites.net\/centro\/wp-json\/wp\/v2\/comments?post=32566"}],"version-history":[{"count":1,"href":"http:\/\/portaisarsqua.azurewebsites.net\/centro\/wp-json\/wp\/v2\/pages\/32566\/revisions"}],"predecessor-version":[{"id":32567,"href":"http:\/\/portaisarsqua.azurewebsites.net\/centro\/wp-json\/wp\/v2\/pages\/32566\/revisions\/32567"}],"wp:attachment":[{"href":"http:\/\/portaisarsqua.azurewebsites.net\/centro\/wp-json\/wp\/v2\/media?parent=32566"}],"curies":[{"name":"wp","href":"https:\/\/api.w.org\/{rel}","templated":true}]}}