{"id":25804,"date":"2016-12-12T02:22:39","date_gmt":"2016-12-12T02:22:39","guid":{"rendered":"http:\/\/portaisars.azurewebsites.net\/lvt\/?page_id=25804"},"modified":"2020-09-30T15:44:05","modified_gmt":"2020-09-30T15:44:05","slug":"farmacias","status":"publish","type":"page","link":"http:\/\/portaisarsqua.azurewebsites.net\/lvt\/farmacias\/","title":{"rendered":"Farm\u00e1cias"},"content":{"rendered":"\n<div style=\"height:40px\" aria-hidden=\"true\" class=\"wp-block-spacer\"><\/div>\n\n\n\n<p class=\"destaque\">Consulte o hor\u00e1rio de farm\u00e1cias da regi\u00e3o de Lisboa e Vale do Tejo<\/p>\n\n\n\n<div style=\"height:40px\" aria-hidden=\"true\" class=\"wp-block-spacer\"><\/div>\n\n\n\n<p class=\"has-medium-font-size\"><strong> Atendimento regular<\/strong> <a href=\"https:\/\/drive.google.com\/open?id=1ZvNlIi-jVQajJdTKD0HYDviFQIMSeso4\">em toda a regi\u00e3o <\/a><strong><a href=\"https:\/\/drive.google.com\/open?id=1ZvNlIi-jVQajJdTKD0HYDviFQIMSeso4\">\u276f  <\/a><\/strong><\/p>\n\n\n\n<p class=\"has-medium-font-size\"><strong> Atendimento permanente<\/strong> em <a rel=\"noreferrer noopener\" aria-label=\" (opens in a new tab)\" href=\"https:\/\/drive.google.com\/open?id=1J1utHhW4g3UAQV9b0wzmuV_OteqpImdP\" target=\"_blank\">Lisboa  <\/a><strong><a rel=\"noreferrer noopener\" aria-label=\" (opens in a new tab)\" href=\"https:\/\/drive.google.com\/open?id=1J1utHhW4g3UAQV9b0wzmuV_OteqpImdP\" target=\"_blank\">\u276f<\/a><\/strong>  <a rel=\"noreferrer noopener\" aria-label=\" (opens in a new tab)\" href=\"https:\/\/drive.google.com\/open?id=16LRU-kAcVdnMJ3yTZpx8pgCgZY2fGjEU\" target=\"_blank\">Set\u00fabal  <\/a><strong><a rel=\"noreferrer noopener\" aria-label=\" (opens in a new tab)\" href=\"https:\/\/drive.google.com\/open?id=16LRU-kAcVdnMJ3yTZpx8pgCgZY2fGjEU\" target=\"_blank\">\u276f<\/a><\/strong>  <a rel=\"noreferrer noopener\" aria-label=\" (opens in a new tab)\" href=\"https:\/\/drive.google.com\/open?id=1fTHyGqqhFeEHWRVhPcPlJzMYWY3etZzc\" target=\"_blank\">Santar\u00e9m <\/a><strong><a rel=\"noreferrer noopener\" aria-label=\" (opens in a new tab)\" href=\"https:\/\/drive.google.com\/open?id=1fTHyGqqhFeEHWRVhPcPlJzMYWY3etZzc\" target=\"_blank\"> \u276f<\/a><\/strong>  <a rel=\"noreferrer noopener\" aria-label=\" (opens in a new tab)\" href=\"https:\/\/drive.google.com\/open?id=15QWyVUweh-wIvArFvwxkaSXMS6F3hDtb\" target=\"_blank\">Leiria  <\/a><strong><a rel=\"noreferrer noopener\" aria-label=\" (opens in a new tab)\" href=\"https:\/\/drive.google.com\/open?id=15QWyVUweh-wIvArFvwxkaSXMS6F3hDtb\" target=\"_blank\">\u276f<\/a><\/strong>  <a href=\"https:\/\/drive.google.com\/open?id=1uNgrxFdOTTjfGC3TGF3NPcGrkCz0HCBi\" target=\"_blank\" rel=\"noreferrer noopener\" aria-label=\" (opens in a new tab)\">Amadora e Sintra  <\/a><strong><a href=\"https:\/\/drive.google.com\/open?id=1uNgrxFdOTTjfGC3TGF3NPcGrkCz0HCBi\" target=\"_blank\" rel=\"noreferrer noopener\" aria-label=\" (opens in a new tab)\">\u276f<\/a><\/strong> <\/p>\n\n\n\n<div style=\"height:20px\" aria-hidden=\"true\" class=\"wp-block-spacer\"><\/div>\n\n\n\n<p><\/p>\n","protected":false},"excerpt":{"rendered":"<p>Consulte o hor\u00e1rio de farm\u00e1cias da regi\u00e3o de Lisboa e Vale do Tejo Atendimento regular em toda a regi\u00e3o \u276f Atendimento permanente em Lisboa \u276f Set\u00fabal \u276f Santar\u00e9m \u276f Leiria \u276f Amadora e Sintra \u276f<\/p>\n","protected":false},"author":4,"featured_media":0,"parent":0,"menu_order":2,"comment_status":"closed","ping_status":"closed","template":"","meta":[],"_links":{"self":[{"href":"http:\/\/portaisarsqua.azurewebsites.net\/lvt\/wp-json\/wp\/v2\/pages\/25804"}],"collection":[{"href":"http:\/\/portaisarsqua.azurewebsites.net\/lvt\/wp-json\/wp\/v2\/pages"}],"about":[{"href":"http:\/\/portaisarsqua.azurewebsites.net\/lvt\/wp-json\/wp\/v2\/types\/page"}],"author":[{"embeddable":true,"href":"http:\/\/portaisarsqua.azurewebsites.net\/lvt\/wp-json\/wp\/v2\/users\/4"}],"replies":[{"embeddable":true,"href":"http:\/\/portaisarsqua.azurewebsites.net\/lvt\/wp-json\/wp\/v2\/comments?post=25804"}],"version-history":[{"count":9,"href":"http:\/\/portaisarsqua.azurewebsites.net\/lvt\/wp-json\/wp\/v2\/pages\/25804\/revisions"}],"predecessor-version":[{"id":33713,"href":"http:\/\/portaisarsqua.azurewebsites.net\/lvt\/wp-json\/wp\/v2\/pages\/25804\/revisions\/33713"}],"wp:attachment":[{"href":"http:\/\/portaisarsqua.azurewebsites.net\/lvt\/wp-json\/wp\/v2\/media?parent=25804"}],"curies":[{"name":"wp","href":"https:\/\/api.w.org\/{rel}","templated":true}]}}