{"id":31034,"date":"2020-06-02T14:02:46","date_gmt":"2020-06-02T14:02:46","guid":{"rendered":"http:\/\/portaisars.azurewebsites.net\/lvt\/?page_id=31034"},"modified":"2020-10-07T14:37:25","modified_gmt":"2020-10-07T14:37:25","slug":"academia-de-formacao-e-desenvolvimento","status":"publish","type":"page","link":"http:\/\/portaisarsqua.azurewebsites.net\/lvt\/academia-de-formacao-e-desenvolvimento\/","title":{"rendered":"Academia de Forma\u00e7\u00e3o e Desenvolvimento"},"content":{"rendered":"\n<p class=\"destaque\">A Academia de Forma\u00e7\u00e3o e Desenvolvimento (AFD) promove forma\u00e7\u00e3o presencial inicial e cont\u00ednua, de acordo com as necessidades de forma\u00e7\u00e3o manifestadas pelos colaboradores, servi\u00e7os e Coordenadores de Programas Nacionais e Regionais, de acordo com estrat\u00e9gias do Minist\u00e9rio da Sa\u00fade e da ARSLVT, I.P..&nbsp;&nbsp;<\/p>\n\n\n\n<p>Promovemos tamb\u00e9m forma\u00e7\u00e3o muito espec\u00edfica relacionada  com a acredita\u00e7\u00e3o da ARSLVT, I.P. junto do INEM nas val\u00eancias de Suporte B\u00e1sico de Vida e Suporte B\u00e1sico de Vida com Desfibrilha\u00e7\u00e3o Autom\u00e1tica Externa. Somos respons\u00e1veis pela gest\u00e3o e o acompanhamento dos est\u00e1gios curriculares das institui\u00e7\u00f5es nacionais de ensino superior p\u00fablicas e privadas com as quais temos protocolos de coopera\u00e7\u00e3o em vigor.&nbsp;&nbsp;<\/p>\n\n\n\n<div style=\"height:40px\" aria-hidden=\"true\" class=\"wp-block-spacer\"><\/div>\n\n\n\n<h2 class=\"titulo\">Enquadramento legislativo&nbsp; <\/h2>\n\n\n\n<p>A Academia de Forma\u00e7\u00e3o e Desenvolvimento foi criada pela <a rel=\"noreferrer noopener\" aria-label=\"Delibera\u00e7\u00e3o  (extrato) n.\u00ba 1268\/2016, DR n.\u00ba 156\/2016, S\u00e9rie II de 2016-08-16 (opens in a new tab)\" href=\"https:\/\/dre.pt\/home\/-\/dre\/75147898\/details\/5\/maximized?serie=II&amp;day=2016-08-16&amp;date=2016-08-01&amp;dreId=75137314\" target=\"_blank\">Delibera\u00e7\u00e3o (extrato) n.\u00ba 1268\/2016, DR n.\u00ba 156\/2016, S\u00e9rie II de 2016-08-16<\/a>, que levou \u00e0 extin\u00e7\u00e3o do N\u00facleo de Qualidade e Forma\u00e7\u00e3o. Sob a depend\u00eancia direta do Conselho Diretivo, e segundo o disposto na al\u00ednea N\u00ba 5.4 compete-lhe no \u00e2mbito da sua interven\u00e7\u00e3o:&nbsp;&nbsp;<\/p>\n\n\n\n<p>a) Promover a elabora\u00e7\u00e3o e execu\u00e7\u00e3o de estrat\u00e9gia de desenvolvimento do capital humano;&nbsp;&nbsp;<\/p>\n\n\n\n<p>b) Promover o desenvolvimento de uma pol\u00edtica de aprendizagem interna e externa;&nbsp;&nbsp;<\/p>\n\n\n\n<p>c) Gerir a oferta integrada de forma\u00e7\u00e3o profissional;&nbsp;&nbsp;<\/p>\n\n\n\n<p>d) Apoiar o desenvolvimento individual dos trabalhadores;&nbsp;&nbsp;<\/p>\n\n\n\n<p>e) Promover a elabora\u00e7\u00e3o e execu\u00e7\u00e3o de um plano de comunica\u00e7\u00e3o interna;&nbsp;&nbsp;<\/p>\n\n\n\n<p>f) Promover o desenvolvimento de uma cultura de inova\u00e7\u00e3o.&nbsp;<\/p>\n\n\n\n<div style=\"height:40px\" aria-hidden=\"true\" class=\"wp-block-spacer\"><\/div>\n\n\n\n<h2 class=\"titulo\">Atua\u00e7\u00e3o Estrat\u00e9gica  <\/h2>\n\n\n\n<h4 class=\"titulo\">Acredita\u00e7\u00e3o<\/h4>\n\n\n\n<p>A ARSLVT, IP \u00e9 uma entidade formativa acreditada pelo&nbsp;INEM desde 15 de Janeiro de 2018, ao abrigo do <a href=\"https:\/\/dre.pt\/pesquisa\/-\/search\/543036\/details\/maximized\">Decreto-Lei n\u00ba34\/2012<\/a> de 14 de fevereiro, para a forma\u00e7\u00e3o dos seus profissionais nas val\u00eancias de Suporte B\u00e1sico de Vida e Suporte B\u00e1sico de Vida com Desfibrilha\u00e7\u00e3o Autom\u00e1tica Externa.<\/p>\n\n\n\n<h4 class=\"titulo\">Modalidades de Forma\u00e7\u00e3o<\/h4>\n\n\n\n<p>Promovemos forma\u00e7\u00e3o inicial e cont\u00ednua, tendo como base um Plano de Forma\u00e7\u00e3o anual, que permite desenvolver o capital humano, a melhoria do desempenho e a valoriza\u00e7\u00e3o dos profissionais dos 15 ACES da ARSLVT. A forma\u00e7\u00e3o \u00e9 determinada em fun\u00e7\u00e3o das caracter\u00edsticas das a\u00e7\u00f5es: objetivos, p\u00fablico-alvo, programa, metodologia e dura\u00e7\u00e3o. Para saber mais sobre o plano de forma\u00e7\u00e3o contacte-nos para <a rel=\"noreferrer noopener\" href=\"mailto:formacao@arslvt.min-saude.pt\" target=\"_blank\">formacao@arslvt.min-saude.pt<\/a>&nbsp;&nbsp;&nbsp;<\/p>\n\n\n\n<h4 class=\"titulo\">Fundos comunit\u00e1rios<\/h4>\n\n\n\n<p>A ARSLVT, I.P., atrav\u00e9s da AFD candidata a fundos comunit\u00e1rios algumas das a\u00e7\u00f5es de forma\u00e7\u00e3o do seu Plano de Forma\u00e7\u00e3o.&nbsp;<\/p>\n\n\n\n<h4 class=\"titulo\">Est\u00e1gios Curriculares<\/h4>\n\n\n\n<p>Cabe \u00e0 AFD a responsabilidade da gest\u00e3o dos est\u00e1gios curriculares de estudantes provenientes \u00fanica e exclusivamente de institui\u00e7\u00f5es de ensino superior p\u00fablicas e privadas nacionais com as quais tenha sido celebrado protocolo de colabora\u00e7\u00e3o e que esteja em vigor. As unidades benefici\u00e1rias destes est\u00e1gios curriculares s\u00e3o os servi\u00e7os desconcentrados da ARSLVT, bem como a sua sede.&nbsp;<\/p>\n\n\n\n<div style=\"height:40px\" aria-hidden=\"true\" class=\"wp-block-spacer\"><\/div>\n\n\n\n<p><strong>Academia de Forma\u00e7\u00e3o e Desenvolvimento\u00a0  <\/strong><br>Av. Estados Unidos da Am\u00e9rica 77 &#8211; 3\u00ba Esq, 1749-096 Lisboa  <\/p>\n\n\n\n<p>Regina Sequeira Carlos  \u2013  Coordenadora<br>S\u00f3nia Carias  \u2013  T\u00e9cnica Superior<br>Carla Almeida \u2013 Assistente T\u00e9cnica<\/p>\n\n\n\n<div style=\"height:40px\" aria-hidden=\"true\" class=\"wp-block-spacer\"><\/div>\n","protected":false},"excerpt":{"rendered":"<p>A Academia de Forma\u00e7\u00e3o e Desenvolvimento (AFD) promove forma\u00e7\u00e3o presencial inicial e cont\u00ednua, de acordo com as necessidades de forma\u00e7\u00e3o manifestadas pelos colaboradores, servi\u00e7os e Coordenadores de Programas Nacionais e Regionais, de acordo com estrat\u00e9gias do Minist\u00e9rio da Sa\u00fade e da ARSLVT, I.P..&nbsp;&nbsp; Promovemos tamb\u00e9m forma\u00e7\u00e3o muito espec\u00edfica relacionada com a acredita\u00e7\u00e3o da ARSLVT, I.P. [&hellip;]<\/p>\n","protected":false},"author":79,"featured_media":0,"parent":0,"menu_order":0,"comment_status":"closed","ping_status":"closed","template":"","meta":[],"_links":{"self":[{"href":"http:\/\/portaisarsqua.azurewebsites.net\/lvt\/wp-json\/wp\/v2\/pages\/31034"}],"collection":[{"href":"http:\/\/portaisarsqua.azurewebsites.net\/lvt\/wp-json\/wp\/v2\/pages"}],"about":[{"href":"http:\/\/portaisarsqua.azurewebsites.net\/lvt\/wp-json\/wp\/v2\/types\/page"}],"author":[{"embeddable":true,"href":"http:\/\/portaisarsqua.azurewebsites.net\/lvt\/wp-json\/wp\/v2\/users\/79"}],"replies":[{"embeddable":true,"href":"http:\/\/portaisarsqua.azurewebsites.net\/lvt\/wp-json\/wp\/v2\/comments?post=31034"}],"version-history":[{"count":25,"href":"http:\/\/portaisarsqua.azurewebsites.net\/lvt\/wp-json\/wp\/v2\/pages\/31034\/revisions"}],"predecessor-version":[{"id":34243,"href":"http:\/\/portaisarsqua.azurewebsites.net\/lvt\/wp-json\/wp\/v2\/pages\/31034\/revisions\/34243"}],"wp:attachment":[{"href":"http:\/\/portaisarsqua.azurewebsites.net\/lvt\/wp-json\/wp\/v2\/media?parent=31034"}],"curies":[{"name":"wp","href":"https:\/\/api.w.org\/{rel}","templated":true}]}}