{"id":31172,"date":"2020-06-09T14:38:14","date_gmt":"2020-06-09T14:38:14","guid":{"rendered":"http:\/\/portaisars.azurewebsites.net\/lvt\/?page_id=31172"},"modified":"2020-10-13T16:15:29","modified_gmt":"2020-10-13T16:15:29","slug":"departamento-de-planeamento-e-contratualizacao","status":"publish","type":"page","link":"http:\/\/portaisarsqua.azurewebsites.net\/lvt\/departamento-de-planeamento-e-contratualizacao\/","title":{"rendered":"Departamento de Planeamento e Contratualiza\u00e7\u00e3o"},"content":{"rendered":"\n<p class=\"destaque\"><a href=\"http:\/\/portaisars.azurewebsites.net\/lvt\/convencoes\/\">Prestadores convencionados \u276f  <br><\/a><a href=\"http:\/\/portaisars.azurewebsites.net\/lvt\/cuidados-de-saude-hospitalares\/\">Cuidados de Sa\u00fade Hospitalares \u276f  <\/a><\/p>\n\n\n\n<div style=\"height:40px\" aria-hidden=\"true\" class=\"wp-block-spacer\"><\/div>\n\n\n\n<p>1 \u2014 Ao Departamento de Planeamento e Contratualiza\u00e7\u00e3o,&nbsp;abreviadamente designado por DPC, compete&nbsp;participar na defini\u00e7\u00e3o dos crit\u00e9rios para a contratualiza\u00e7\u00e3o&nbsp;dos servi\u00e7os de sa\u00fade e ainda:&nbsp;<\/p>\n\n\n\n<p>a) Propor a afeta\u00e7\u00e3o de recursos financeiros \u00e0s institui\u00e7\u00f5es&nbsp;ou servi\u00e7os integrados ou financiados pelo SNS ou&nbsp;entidades de natureza privada com ou sem fins lucrativos,&nbsp;que prestem cuidados de sa\u00fade, que atuem no \u00e2mbito das&nbsp;\u00e1reas dos cuidados continuados integrados e dos programas&nbsp;de interven\u00e7\u00e3o local nos comportamentos aditivos e nas&nbsp;depend\u00eancias;<\/p>\n\n\n\n<p>b) Preparar e acompanhar o processo de contratualiza\u00e7\u00e3o e&nbsp;revis\u00e3o de contratos no \u00e2mbito das parcerias p\u00fablico -privadas,&nbsp;e propor a afeta\u00e7\u00e3o dos respetivos recursos financeiros;&nbsp;<\/p>\n\n\n\n<p>c) Preparar e acompanhar a celebra\u00e7\u00e3o e a execu\u00e7\u00e3o&nbsp;dos contratos, protocolos e conven\u00e7\u00f5es de \u00e2mbito regional,&nbsp;bem como efetuar a respetiva avalia\u00e7\u00e3o no \u00e2mbito da&nbsp;presta\u00e7\u00e3o de cuidados de sa\u00fade, dos cuidados continuados&nbsp;integrados e dos programas de interven\u00e7\u00e3o local nos comportamentos<br>aditivos e nas depend\u00eancias;<\/p>\n\n\n\n<p>d) Assegurar a avalia\u00e7\u00e3o de desempenho das institui\u00e7\u00f5es&nbsp;e servi\u00e7os prestadores de cuidados de sa\u00fade, de acordo com&nbsp;as pol\u00edticas definidas e com as orienta\u00e7\u00f5es e normativos&nbsp;emitidos pelos servi\u00e7os e organismos centrais competentes&nbsp;nos diversos dom\u00ednios de interven\u00e7\u00e3o;<\/p>\n\n\n\n<p>e) Propor a realiza\u00e7\u00e3o de auditorias administrativas e&nbsp;cl\u00ednicas;<\/p>\n\n\n\n<p>f) Elaborar os planos de atividades anuais e plurianuais,&nbsp;tendo em considera\u00e7\u00e3o o Plano Regional de Sa\u00fade elaborado&nbsp;pelo DSP e os objetivos definidos pelo conselho&nbsp;diretivo, e avaliar a sua execu\u00e7\u00e3o;&nbsp;<\/p>\n\n\n\n<p>g) Elaborar o relat\u00f3rio de atividades, em articula\u00e7\u00e3o&nbsp;com os restantes departamentos;<\/p>\n\n\n\n<p>h) Propor os ajustamentos julgados necess\u00e1rios nas redes&nbsp;de referencia\u00e7\u00e3o ao n\u00edvel regional;<\/p>\n\n\n\n<p>i) Emitir parecer t\u00e9cnico sobre a cria\u00e7\u00e3o, modifica\u00e7\u00e3o,&nbsp;fus\u00e3o ou extin\u00e7\u00e3o de institui\u00e7\u00f5es e servi\u00e7os de sa\u00fade;<\/p>\n\n\n\n<p>j) Analisar e emitir parecer sobre os planos diretores de&nbsp;unidades de sa\u00fade;<\/p>\n\n\n\n<p>k) Desenvolver instrumentos de apoio \u00e0 gest\u00e3o que permitam&nbsp;a promo\u00e7\u00e3o do uso racional de recursos materiais&nbsp;e financeiros, nomeadamente nas \u00e1reas do medicamento,&nbsp;dos dispositivos m\u00e9dicos e dos exames complementares de&nbsp;diagn\u00f3stico, bem como avaliar o cumprimento das orienta\u00e7\u00f5es&nbsp;e pol\u00edticas nacionais nestes dom\u00ednios;<\/p>\n\n\n\n<p>l) Proceder \u00e0 recolha, tratamento e an\u00e1lise dos dados estat\u00edsticos e propor as necess\u00e1rias medidas corretivas relativas \u00e0 atividade dos servi\u00e7os de sa\u00fade da regi\u00e3o;<\/p>\n\n\n\n<p>m) Apoiar a implementa\u00e7\u00e3o de novos modelos de gest\u00e3o em sa\u00fade;<\/p>\n\n\n\n<p>n) Emitir pareceres, propor e acompanhar as candidaturas, no \u00e2mbito dos programas cofinanciados;<\/p>\n\n\n\n<p>o) Planear os recursos materiais, nomeadamente a execu\u00e7\u00e3o dos necess\u00e1rios projetos de investimento das institui\u00e7\u00f5es e servi\u00e7os do Servi\u00e7o Nacional de Sa\u00fade, abreviadamente designado por SNS;<\/p>\n\n\n\n<p>p) Garantir um sistema de informa\u00e7\u00e3o atualizado da execu\u00e7\u00e3o f\u00edsica e material de investimentos p\u00fablicos.<\/p>\n\n\n\n<p>2 \u2014 Compete ainda ao DPC, no \u00e2mbito de interven\u00e7\u00e3o, proceder \u00e0 difus\u00e3o das normas e orienta\u00e7\u00f5es t\u00e9cnicas e de outros instrumentos de apoio t\u00e9cnico \u00e0 atividade dos estabelecimentos de sa\u00fade, apoiar a sua implementa\u00e7\u00e3o e monitorizar a sua execu\u00e7\u00e3o.<\/p>\n","protected":false},"excerpt":{"rendered":"<p>Prestadores convencionados \u276f Cuidados de Sa\u00fade Hospitalares \u276f 1 \u2014 Ao Departamento de Planeamento e Contratualiza\u00e7\u00e3o,&nbsp;abreviadamente designado por DPC, compete&nbsp;participar na defini\u00e7\u00e3o dos crit\u00e9rios para a contratualiza\u00e7\u00e3o&nbsp;dos servi\u00e7os de sa\u00fade e ainda:&nbsp; a) Propor a afeta\u00e7\u00e3o de recursos financeiros \u00e0s institui\u00e7\u00f5es&nbsp;ou servi\u00e7os integrados ou financiados pelo SNS ou&nbsp;entidades de natureza privada com ou sem fins [&hellip;]<\/p>\n","protected":false},"author":79,"featured_media":0,"parent":0,"menu_order":1,"comment_status":"closed","ping_status":"closed","template":"","meta":[],"_links":{"self":[{"href":"http:\/\/portaisarsqua.azurewebsites.net\/lvt\/wp-json\/wp\/v2\/pages\/31172"}],"collection":[{"href":"http:\/\/portaisarsqua.azurewebsites.net\/lvt\/wp-json\/wp\/v2\/pages"}],"about":[{"href":"http:\/\/portaisarsqua.azurewebsites.net\/lvt\/wp-json\/wp\/v2\/types\/page"}],"author":[{"embeddable":true,"href":"http:\/\/portaisarsqua.azurewebsites.net\/lvt\/wp-json\/wp\/v2\/users\/79"}],"replies":[{"embeddable":true,"href":"http:\/\/portaisarsqua.azurewebsites.net\/lvt\/wp-json\/wp\/v2\/comments?post=31172"}],"version-history":[{"count":5,"href":"http:\/\/portaisarsqua.azurewebsites.net\/lvt\/wp-json\/wp\/v2\/pages\/31172\/revisions"}],"predecessor-version":[{"id":34037,"href":"http:\/\/portaisarsqua.azurewebsites.net\/lvt\/wp-json\/wp\/v2\/pages\/31172\/revisions\/34037"}],"wp:attachment":[{"href":"http:\/\/portaisarsqua.azurewebsites.net\/lvt\/wp-json\/wp\/v2\/media?parent=31172"}],"curies":[{"name":"wp","href":"https:\/\/api.w.org\/{rel}","templated":true}]}}