{"id":35919,"date":"2018-05-02T15:11:02","date_gmt":"2018-05-02T15:11:02","guid":{"rendered":"http:\/\/www.arsnorte.min-saude.pt\/cuidados-continuados-integrados\/monitorizacao-anual-atividade\/"},"modified":"2018-10-04T15:20:39","modified_gmt":"2018-10-04T15:20:39","slug":"monitorizacao-anual-atividade","status":"publish","type":"page","link":"http:\/\/portaisarsqua.azurewebsites.net\/norte\/cuidados-continuados-integrados\/monitorizacao-anual-atividade\/","title":{"rendered":"Monitoriza\u00e7\u00e3o Anual Atividade"},"content":{"rendered":"<table style=\"width: 787px\" border=\"0\" cellspacing=\"1\" cellpadding=\"1\">\n<tbody>\n<tr bgcolor=\"#f2f2f2\">\n<td style=\"width: 783px\"><b>Documentos<\/b><\/td>\n<\/tr>\n<tr>\n<td style=\"width: 783px\"><a href=\"http:\/\/www.arsnorte.min-saude.pt\/wp-content\/uploads\/sites\/3\/2018\/10\/Relatorio_Monitorizacao_Atividade_CCI_Regiao_Norte_2015.pdf\" target=\"_blank\" rel=\"noopener\">Relat\u00f3rio de Monitoriza\u00e7\u00e3o da Atividade nos Cuidados Continuados Integrados na Regi\u00e3o Norte 2015<\/a><\/td>\n<\/tr>\n<tr>\n<td style=\"width: 783px\"><a href=\"http:\/\/www.arsnorte.min-saude.pt\/wp-content\/uploads\/sites\/3\/2018\/10\/Relatorio_Monitorizacao_Atividade_CCI_Regiao_Norte_2014.pdf\" target=\"_blank\" rel=\"noopener\">Relat\u00f3rio de Monitoriza\u00e7\u00e3o da Atividade nos Cuidados Continuados Integrados na Regi\u00e3o Norte 2014<\/a><\/td>\n<\/tr>\n<tr>\n<td style=\"width: 783px\"><a href=\"http:\/\/www.arsnorte.min-saude.pt\/wp-content\/uploads\/sites\/3\/2018\/10\/Relatorio_Monitorizacao_Atividade_CCI_Regiao_Norte_2013.pdf\" target=\"_blank\" rel=\"noopener\">Relat\u00f3rio de Monitoriza\u00e7\u00e3o da Atividade nos Cuidados Continuados Integrados na Regi\u00e3o Norte 2013<\/a><\/td>\n<\/tr>\n<tr>\n<td style=\"width: 783px\"><a href=\"http:\/\/www.arsnorte.min-saude.pt\/wp-content\/uploads\/sites\/3\/2018\/10\/Relatorio_Monitorizacao_Atividade_Cuidados_Continuados_I.pdf\" target=\"_blank\" rel=\"noopener\">Relat\u00f3rio de Monitoriza\u00e7\u00e3o da Atividade nos Cuidados Continuados Integrados na Regi\u00e3o Norte 2012<\/a><\/td>\n<\/tr>\n<\/tbody>\n<\/table>\n","protected":false},"excerpt":{"rendered":"<p>Documentos Relat\u00f3rio de Monitoriza\u00e7\u00e3o da Atividade nos Cuidados Continuados Integrados na Regi\u00e3o Norte 2015 Relat\u00f3rio de Monitoriza\u00e7\u00e3o da Atividade nos Cuidados Continuados Integrados na Regi\u00e3o Norte 2014 Relat\u00f3rio de Monitoriza\u00e7\u00e3o da Atividade nos Cuidados Continuados Integrados na Regi\u00e3o Norte 2013 Relat\u00f3rio de Monitoriza\u00e7\u00e3o da Atividade nos Cuidados Continuados Integrados na Regi\u00e3o Norte 2012<\/p>\n","protected":false},"author":13,"featured_media":0,"parent":21958,"menu_order":80,"comment_status":"closed","ping_status":"closed","template":"","meta":[],"_links":{"self":[{"href":"http:\/\/portaisarsqua.azurewebsites.net\/norte\/wp-json\/wp\/v2\/pages\/35919"}],"collection":[{"href":"http:\/\/portaisarsqua.azurewebsites.net\/norte\/wp-json\/wp\/v2\/pages"}],"about":[{"href":"http:\/\/portaisarsqua.azurewebsites.net\/norte\/wp-json\/wp\/v2\/types\/page"}],"author":[{"embeddable":true,"href":"http:\/\/portaisarsqua.azurewebsites.net\/norte\/wp-json\/wp\/v2\/users\/13"}],"replies":[{"embeddable":true,"href":"http:\/\/portaisarsqua.azurewebsites.net\/norte\/wp-json\/wp\/v2\/comments?post=35919"}],"version-history":[{"count":2,"href":"http:\/\/portaisarsqua.azurewebsites.net\/norte\/wp-json\/wp\/v2\/pages\/35919\/revisions"}],"predecessor-version":[{"id":37928,"href":"http:\/\/portaisarsqua.azurewebsites.net\/norte\/wp-json\/wp\/v2\/pages\/35919\/revisions\/37928"}],"up":[{"embeddable":true,"href":"http:\/\/portaisarsqua.azurewebsites.net\/norte\/wp-json\/wp\/v2\/pages\/21958"}],"wp:attachment":[{"href":"http:\/\/portaisarsqua.azurewebsites.net\/norte\/wp-json\/wp\/v2\/media?parent=35919"}],"curies":[{"name":"wp","href":"https:\/\/api.w.org\/{rel}","templated":true}]}}